Let b be ((-1)/2)/((-6)/(-18)) + 3. Let y(s) be the first derivative of 3 + 0*s + b*s**2. Give y(-3).
-9
Let y(l) be the first derivative of l**4/4 - l**2/2 - 2*l + 1. Let i = -259 - -259. Give y(i).
-2
Let f(k) = -3*k**3 + 6 - 5*k**3 + 9*k**3 + k. What is f(0)?
6
Let a(u) = u**3 - 4*u**2 + 5*u - 3. Let h be 2 + ((-3)/3 - -3). Suppose 0 = -b - 4*z + 3, -6 = -h*b + 2*b - z. Determine a(b).
3
Let b(f) = -f**2 - 5*f - 6. Let k(l) = 4*l. Let g be k(1). Let z(p) = -p**2 - 9*p + 2. Let t be z(-10). Let j = t + g. Determine b(j).
-2
Let u(t) = t**2 - 6*t + 1. Let w be (-73)/(-5) - (-2)/5. Let c = w - 8. Let h = -3 + c. Calculate u(h).
-7
Let z = 12 - 5. Let l(n) = -16 - n - n**2 + 6 + z*n + 5. What is l(5)?
0
Let a(d) = 3*d - 39. Let h(f) = -f + 10. Let u(l) = 4*a(l) + 15*h(l). What is u(6)?
-24
Let u(v) = v. Let m = 8 + -6. Let f be u(m). Let y(t) = 2 + f*t + 1 - 4*t. What is y(3)?
-3
Let g = 18 + -23. Let o(t) = -2*t**2 - 7*t - 4. What is o(g)?
-19
Let m(j) = 2*j + 5. Let w be (3 - 18/2)*1. Calculate m(w).
-7
Let j(x) = 2 + 2*x**2 - 1 + x - x**3 + 4. Let w(h) = -3*h**3 + 7*h**2 + 3*h + 14. Let y(a) = -a + 3. Let z be y(-5). Let o(c) = z*j(c) - 3*w(c). Give o(5).
-7
Let r(q) = 3*q**3 - q**2 + q - 1. Let a be r(1). Let l(y) = -y**2. Let o(v) = 2. Let c(z) = -3*l(z) - o(z). Calculate c(a).
10
Let f(i) = -2*i - 1. Let z(g) = 6*g + 2. Let r(k) = -17*f(k) - 6*z(k). Let a(p) = p + 14. Let h be a(-10). What is r(h)?
-3
Let d(m) be the first derivative of m**4/4 - m**3/3 - 3*m**2/2 + 4*m - 17. What is d(-3)?
-23
Let w(o) = -o**2 + 6. Let s be 6/2*4/6. Let k(x) = -s*x**2 + 4*x + 2*x**3 - x - 3*x**3. Let h be k(-3). Give w(h).
6
Let d be 12/(-20) + 27/(-5). Suppose 5*l - 74 = k, 1 + 9 = l - 5*k. Let g be 3/(-6) + l/d. Let f(p) = p**3 + 3*p**2 - p - 4. What is f(g)?
-1
Let s(i) = -i - 5. Let l be (-17)/(-7) + 15/(-35). Suppose 0 = l*f + 4 + 8. What is s(f)?
1
Let d(c) = 42*c - 109*c + 37*c - 5*c**2 + c**3 + 36*c - 1. Determine d(4).
7
Let i(b) = -4*b**2 + 60 - 30 + 2*b - 29. Suppose 0 = -2*f - 2. What is i(f)?
-5
Let g(x) = x**2 + 4 - 2*x + 3 - 5 + 3*x. Determine g(-2).
4
Let s(o) be the second derivative of -o**6/40 + 3*o**2/2 - o. Let f(y) be the first derivative of s(y). What is f(1)?
-3
Let x(h) be the first derivative of -2*h**2 + 7*h - 30. What is x(6)?
-17
Let m(k) = k**3 - 7*k**2 + 5*k + 1. Suppose w = -2*t - 0*w - 13, -2*t = 4*w + 22. Let n = 11 + t. Calculate m(n).
-5
Let b(c) = c**3 - 3*c**2 + 3*c - 3. Suppose 2*j - 9 = -5*s, -4*j + 0 = -2*s + 42. Let m = -8 - j. Suppose -3*w + 7 = 5*q, 2*q - 3*w - 7 = -m*w. Calculate b(q).
-1
Let z(l) = l - 1. Let n(k) = -k**3 + 7*k**2 + 13*k - 31. Let y be n(8). Give z(y).
8
Let h(y) = 5*y**2 - 2*y + 6. Suppose 3*u + 8 = r, 2*u + 17 = 5*r + 3. Let j = u - 2. Let o(b) = -4*b**2 + 3*b - 5. Let x(k) = j*o(k) - 3*h(k). What is x(4)?
-6
Let f(a) = a**3 + 6*a**2 - 7*a + 1. Let k be f(-7). Let g(q) = 4*q + 1. Determine g(k).
5
Let m(o) = -o**3 - o - 7. Let n be (-13 - 0/(-2)) + 0. Let t = n + 18. Suppose -s = -t*s. What is m(s)?
-7
Let j(l) be the third derivative of -l**6/120 - l**3/3 + 14*l**2. Suppose 2 + 4 = -3*w. Give j(w).
6
Let z(h) be the first derivative of 4 + h - 1 + h**2 - 4*h. What is z(4)?
5
Let j(q) = -q**3 - 6*q**2 + 5*q. Let g(x) = 8*x + 1. Let i be g(-1). Calculate j(i).
14
Let w = 3 - 0. Let b be (-3)/6*-6 + w. Let d(c) = -2*c + 2. What is d(b)?
-10
Suppose -2*q - 2*q = -3*y - 22, 5*q = 3*y + 23. Let o(x) = -x**2 - 7*x - 5. Calculate o(y).
1
Suppose -a - 4*k - 6 = 0, 0*k + 2 = -a - 2*k. Let y(u) be the third derivative of 1/6*u**4 + 0*u + 6*u**2 + 0*u**3 + 0. Determine y(a).
8
Let o(r) be the second derivative of r + 0*r**3 + 1/2*r**2 - 5/12*r**4 + 0. Let d be -3*((-8)/6 - -1). Determine o(d).
-4
Let r(h) = -2*h**2 + 4*h - 1. Let x(d) = 6*d - 33. Let i be x(6). Calculate r(i).
-7
Let n = 10 + -1. Let k = n + -6. Let t(c) = c + 1. Let b(m) = 8*m + 4. Let y(d) = b(d) - 6*t(d). Calculate y(k).
4
Let r(i) = -9*i + 4. Let c(j) = 19*j - 9. Let m(y) = 6*c(y) + 13*r(y). What is m(2)?
-8
Let p(d) = 23*d**3 - d**2 + d. Let u(v) = 8*v + 33. Let j be u(-4). Calculate p(j).
23
Let r = 26 - 17. Suppose m - 2*c = -r, m + 2*c = -5 + 16. Let b(w) = -2*w**3 - 2*w - m + 2 + 8*w**3. Give b(1).
5
Let l(x) = -x - 7. Let u(b) = 2. Let h(z) = -2*l(z) - 9*u(z). Suppose -2*m = r - 6, 2 = 5*m - r - 13. Determine h(m).
2
Let h(j) = -j**2 + 8*j - 8. Suppose -3*c + 16 = -5. Let r be h(c). Let f(g) = -g. Give f(r).
1
Let x(q) = -q - 6. Suppose -4 = 3*m + 14. Give x(m).
0
Let c(u) = -9*u - 3. Let f(d) = 17*d + 7. Let i be (-5)/((-3 + 4)/1). Let k(j) = i*c(j) - 2*f(j). Suppose 5*q - 2*w = -5*w - 20, 4*w + 23 = -3*q. Give k(q).
-10
Let o(b) = b - 11. Suppose -v + 2 = 2*z, -30 = -5*v + v + 3*z. What is o(v)?
-5
Let z(p) = p - 3. Let b(m) = 7*m - 3. Let h be b(1). What is z(h)?
1
Let d(r) = r - 2. Let t(j) = j - 1. Let y(w) = -6*d(w) + 11*t(w). Calculate y(1).
6
Suppose 12 = -9*r + 84. Let i(p) = -p + 8. Calculate i(r).
0
Let a be 1/4 - 27/(-4). Let f be 2/a - 76/(-28). Let o(b) = -f*b - b**3 - 1 - 4*b + 8*b. Calculate o(-2).
5
Let b(h) = -h**3 - 6*h**2 - 6*h - 7. Let d = 3 - 8. Determine b(d).
-2
Let f(j) = -j**3 + 8*j**2 - 6*j - 6. Let w be f(7). Let b(u) = -5*u**3 - u - 3 + 2 + 2. Determine b(w).
-5
Suppose 2*q = 3*q - 4. Let h(f) = -f**2 + 5*f + 2. What is h(q)?
6
Suppose -n + 9 = -3*k, -n + 7 = -2*n - k. Let s(l) = 3*l + 3. Determine s(n).
-6
Let x(i) = i**2 + 4*i - 1. Let j(o) = -2*o - 9. Let c be j(-7). Suppose -23 + 13 = c*b. Give x(b).
-5
Let n(z) = -z**3 + 4*z**2 + 2*z - 3. Let a(s) = s**3 + 16*s**2 - s - 12. Let i be a(-16). Calculate n(i).
5
Let a(g) = 7*g**2 + 7. Let r(o) = -8*o**2 + o - 7. Let x(q) = 7*a(q) + 6*r(q). What is x(-5)?
2
Suppose 0 = a + 5, -a - 3 = 5*r + 2. Let s(h) = 2*h**3 - 2*h + r - 2 + h**2 + 4*h**2 - 3*h**3. Calculate s(3).
10
Suppose j = -0 + 5. Let x(h) = -h + 2. Let i be x(j). Let v(q) = 2*q + 2. Give v(i).
-4
Let h(i) = -i**3 - 65*i**2 + 6*i + 2*i + 2*i**3 + 72*i**2 + 7. Give h(-6).
-5
Let q(i) = -i. Suppose 2 = 5*b + g - 6, 10 = -5*g. Give q(b).
-2
Let c be (-22)/26 + 1 - (-74)/26. Let z(w) = w**2 + 2*w. Let p(y) = y. Let s(t) = -3*p(t) + z(t). Give s(c).
6
Suppose -3*p + 15 = 2*g, -4*p + 2 = -4*g - 18. Suppose -p*j - 13 = 2. Let b(z) = z**3 + 3*z**2 - z + 1. What is b(j)?
4
Let k(o) = o**3 + 6*o**2 - 3*o - 5. Let p = 194 - 200. Determine k(p).
13
Let b be 1 - 2 - (1 + 5)/(-2). Let c(h) = -2*h**3 + 2*h**2 + 3*h - 2. Give c(b).
-4
Let r(m) be the third derivative of -m**6/120 - m**5/12 - m**4/4 - m**3 + 12*m**2. Determine r(-4).
2
Let d(m) = 8*m + 1. Let h = -24 + 23. Determine d(h).
-7
Let a(j) be the first derivative of j**4/24 + j**3/2 - 3*j**2/2 - 2. Let l(w) be the second derivative of a(w). What is l(-3)?
0
Let n(y) = -y - 9. Let r be n(-13). Let w(d) = -12*d + 4*d + 3 - r. Let g = 0 + 1. Calculate w(g).
-9
Let l(c) = c + 13. Let m = -42 + 42. Give l(m).
13
Let p = 5 + -7. Let d(m) be the first derivative of -m**6/360 - m**5/40 + m**3/3 - 2. Let z(b) be the third derivative of d(b). Determine z(p).
2
Let n(j) = -j**2 - 2*j + 7. Let m(l) = -l. Let b(v) = 6*m(v) - n(v). Calculate b(6).
5
Suppose 2*d - 5*d - 3 = 0. Let q(s) = 6*s - 1. What is q(d)?
-7
Let z(p) = 5*p**3 + 2*p**2 + 8*p - 7. Let o(y) = -y**3 - y + 1. Let l(b) = 6*o(b) + z(b). Let m = 9 + -7. Give l(m).
3
Let r = 7 + -13. Let v be (-8 + -2)*(-3)/(-6). Let a(q) = -4*q - 3. Let t(s) = -9*s - 5. Let y(c) = v*a(c) + 2*t(c). What is y(r)?
-7
Suppose 21 = -4*i + 5. Suppose -5*g + 7 = -3*o, 4 = -4*o + 5*g - 2. Let n(c) = -4*c**2 - 3*c**2 + 3*c + 8*c**2 + o. Determine n(i).
5
Let w(a) = 4 - 1 + 6*a - 3*a - 2. Let p(m) = m**3 + 15*m**2 + 15*m + 16. Let c be p(-14). Determine w(c).
7
Let p(j) = -3*j**3 - 10*j**2 + 4*j - 2. Suppose -2*o = 10, 2*u + 7 = -u + o. Let v(l) = -2*l**3 - 9*l**2 + 3*l - 3. Let k(m) = u*v(m) + 3*p(m). Give k(6).
6
Let i(l) = -2*l**2 + 4*l - 2. Suppose 0 = 3*k - k - 4. Let s be 3/2*k - 1. Suppose -4*h + 5*n = -23, -s*h = 3*h - n - 13. Give i(h).
-2
Let f(o) be the second derivative of o**4/12 + 5*o**3/6 - 19*o. Give f(-6).
6
Let t(h) = -5*h - 2 - 1 + 0 + 1. Suppose a - 4 = -2*i, -3*a - a + 2*i - 14 = 0. What is t(a)?
8
Suppose -2*z - 2*q + 8 = 0, q = 6*q + 15. Let l = z + -2. Let s(b) = 0*b + 1 - 24*b**2 - 6*b + 25*b*